{"id":10,"date":"2024-02-04T00:50:07","date_gmt":"2024-02-04T04:50:07","guid":{"rendered":"http:\/\/avao.test\/?page_id=10"},"modified":"2024-07-11T09:03:26","modified_gmt":"2024-07-11T13:03:26","slug":"quienes-somos","status":"publish","type":"page","link":"https:\/\/zuseconsulting.com\/avao\/quienes-somos\/","title":{"rendered":"\u00bfQui\u00e9nes somos?"},"content":{"rendered":"<p><span class=\"fontstyle0\">La Fundaci\u00f3n AVAO es una entidad sin fines de lucro fundada en 1984, dedicada a la Formaci\u00f3n Docente y a la Asistencia Social en el \u00e1rea de salud visual.<strong> AVAO<\/strong> dirige su esfuerzo a la atenci\u00f3n de pacientes de escasos recursos econ\u00f3micos,\u00a0 brind\u00e1ndoles atenci\u00f3n para la salud visual, con personal m\u00e9dico en actualizaci\u00f3n\u00a0 permanente y contando con equipos de avanzada tecnolog\u00eda. Actualmente a trav\u00e9s de la <strong>AVAO<\/strong> se atienden aproximadamente 900 pacientes mensuales en consulta y se operan cerca de 30 pacientes al mes. El aporte de nuestros pacientes por concepto del pago de consultas, estudios m\u00e9dicos y cirug\u00edas, a precios muy reducidos, permite el mantenimiento de nuestra infraestructura, as\u00ed como ayudar a otros pacientes que no cuenten con los recursos para ser atendidos.<\/span><\/p>\n","protected":false},"excerpt":{"rendered":"<p>La Fundaci\u00f3n AVAO es una entidad sin fines de lucro fundada en 1984, dedicada a la Formaci\u00f3n Docente y a la Asistencia Social en el \u00e1rea de salud visual. AVAO dirige su esfuerzo a la atenci\u00f3n de pacientes de escasos recursos econ\u00f3micos,\u00a0 brind\u00e1ndoles atenci\u00f3n para la salud visual, con personal m\u00e9dico en actualizaci\u00f3n\u00a0 permanente y [&hellip;]<\/p>\n","protected":false},"author":2,"featured_media":338,"parent":0,"menu_order":0,"comment_status":"closed","ping_status":"closed","template":"","meta":{"footnotes":""},"class_list":["post-10","page","type-page","status-publish","has-post-thumbnail","hentry"],"acf":{"link_cards":null},"_links":{"self":[{"href":"https:\/\/zuseconsulting.com\/avao\/wp-json\/wp\/v2\/pages\/10","targetHints":{"allow":["GET"]}}],"collection":[{"href":"https:\/\/zuseconsulting.com\/avao\/wp-json\/wp\/v2\/pages"}],"about":[{"href":"https:\/\/zuseconsulting.com\/avao\/wp-json\/wp\/v2\/types\/page"}],"author":[{"embeddable":true,"href":"https:\/\/zuseconsulting.com\/avao\/wp-json\/wp\/v2\/users\/2"}],"replies":[{"embeddable":true,"href":"https:\/\/zuseconsulting.com\/avao\/wp-json\/wp\/v2\/comments?post=10"}],"version-history":[{"count":13,"href":"https:\/\/zuseconsulting.com\/avao\/wp-json\/wp\/v2\/pages\/10\/revisions"}],"predecessor-version":[{"id":349,"href":"https:\/\/zuseconsulting.com\/avao\/wp-json\/wp\/v2\/pages\/10\/revisions\/349"}],"wp:featuredmedia":[{"embeddable":true,"href":"https:\/\/zuseconsulting.com\/avao\/wp-json\/wp\/v2\/media\/338"}],"wp:attachment":[{"href":"https:\/\/zuseconsulting.com\/avao\/wp-json\/wp\/v2\/media?parent=10"}],"curies":[{"name":"wp","href":"https:\/\/api.w.org\/{rel}","templated":true}]}}